{"id":89,"date":"2018-09-04T01:40:24","date_gmt":"2018-09-04T01:40:24","guid":{"rendered":"https:\/\/www.hennywolter.de\/?page_id=89"},"modified":"2018-11-10T03:48:34","modified_gmt":"2018-11-10T03:48:34","slug":"about","status":"publish","type":"page","link":"https:\/\/www.hennywolter.de\/?page_id=89","title":{"rendered":"ABOUT"},"content":{"rendered":"<p>&nbsp;<\/p>\n<p>&nbsp;<\/p>\n<p>&nbsp;<\/p>\n<p>&nbsp;<\/p>\n<p>&nbsp;<\/p>\n<p>&nbsp;<\/p>\n<p>&nbsp;<\/p>\n<p>&nbsp;<\/p>\n<p>&nbsp;<\/p>\n<p>&nbsp;<\/p>\n<p>&nbsp;<\/p>\n<p>&nbsp;<\/p>\n<p>&nbsp;<\/p>\n<p>Henny Wolter wurde am 06. Oktober 1966 in Niedersachsens Landeshauptstadt Hannover geboren. Hier ist er an der Seite seines j\u00fcngeren Bruders aufgewachsen und ist bis heute seiner Heimatstadt treu geblieben. Sein musikalisches Interesse begann mit KISS, AC\/DC, Mot\u00f6rhead, Status Quo und Rose Tattoo. Sie inspirierten ihn, Musik zu machen. Und so kaufte er sich seine erste Gitarre mit 14 Jahren. F\u00fcr Henny stand fr\u00fch fest, dass er sich ausschlie\u00dflich der Musik widmen wollte. Gitarre brachte er sich selbst bei. Unterst\u00fctzung fand er bei seinen Eltern. Sie stellten ihm den Keller als \u00dcbungsraum zur Verf\u00fcgung. Seine erste Band gr\u00fcndete er mit 16. Mit ihr hatte Henny auch seinen allerersten Plattenvertrag. Sechs jahre sp\u00e4ter gr\u00fcndete er mit Ted Bullet und Ole Hempelmann THUNDERHEAD. Bei Intercord bekam THUNDERHEAD 1989 den ersten Plattenvertrag und sie ver\u00f6ffentlichten das Debutalbum &#8222;Behind the Eightball&#8220;. Schon bald spielten sie im Vorprogramm von Uriah Heep und Mot\u00f6rhead. Mit Thunderhead nahm Henny insgesamt f\u00fcnf Studio- und ein Livealbum auf, bevor sich Ihre Wege trennten. &#8222;Killing with Style&#8220; ist bis heute das erfolgsreichste Album von THUNDERHEAD. 2000 stie\u00df Henny zu Primal Fear. Er blieb dort allerdings nur zwei Jahre, und gr\u00fcndete nach seinem Ausstieg die deutschsprachige Band DONNERKOPF in der Henny den Gesang \u00fcbernahm. Es blieb allerdings nur bei dem einen gleichnamigen Album &#8222;Donnerkopf&#8220;, welches 2005 ver\u00f6ffentlicht wurde. 2007 stieg Henny wieder bei Primal Fear ein. Aber dieses Gastspiel dauerte auch nur drei Jahre.<\/p>\n<p>2010 war Henny als Gitarrist der \u201eRock meets Classic\u201c Tournee unterwegs und spielte mit Ex- Foreigner S\u00e4nger Lou Gramm, Bobby Kimball von Toto und Nazareth S\u00e4nger Dan McCafferty, welcher auch sp\u00e4ter auf dem Debut Album der Nitrogods den Song \u201eWhiskey Wonderland\u201c sang.<\/p>\n<p>2011 l\u00f6ste sich Henny vom klassischen Heavy Metal und gr\u00fcndete mit seinem langj\u00e4hrigen Weggef\u00e4hrten Klaus Sperling und S\u00e4nger Oimel Larcher die Nitrogods. 2012 erscheint das Debutalbum &#8222;Nitrogods&#8220;, auf dem auch Mot\u00f6rhead Gr\u00fcndungsmitglied \u201eFast Eddie Clarke\u201c an der Gitarre zu h\u00f6ren ist. 2013 wird auch das durch die Nitrogods organisierte Nitrofest ins Leben gerufen, welches j\u00e4hrlich im M\u00e4rz in Hannover stattfindet. Darauf folgten das 2015 ver\u00f6ffentlichte Album &#8222;Rats and Rumours&#8220; und das 2017 erschienene dritte Album \u201eRoadkill BBQ\u201c. Zahlreiche Konzerte und Torneen bundesweit verhalfen der Band zu immer mehr Popularit\u00e4t.<\/p>\n<p>Seinen Bekanntheitsgrad erlangte Henny in erster Linie mit seinen musikalischen Aktivit\u00e4ten bei Primal Fear. Seinen gr\u00f6\u00dften musikalischen Erfolg verbindet er selbst mit der Gr\u00fcndung und der Weiterentwicklung der Nitrogods. Zu seinen erfolgreichsten Alben z\u00e4hlt er &#8222;Behind the Eightball&#8220;, &#8222;Killing with Style&#8220;, &#8222;Nuclear Fire&#8220;, &#8222;Nitrogods&#8220; und &#8222;Roakill BBQ&#8220;. Die Inspiration f\u00fcr seine Songs holt er aus dem t\u00e4glichen Leben als Musiker, dem Blues, sowie dem Hardrock der sp\u00e4ten 70\u00e9r, bzw. fr\u00fchen 80\u00e9r Jahre.<\/p>\n","protected":false},"excerpt":{"rendered":"<p>&nbsp; &nbsp; &nbsp; &nbsp; &nbsp; &nbsp; &nbsp; &nbsp; &nbsp; &nbsp; &nbsp; &nbsp; &nbsp; Henny Wolter wurde am 06. Oktober 1966 in Niedersachsens Landeshauptstadt Hannover geboren. Hier ist er an der Seite seines j\u00fcngeren Bruders aufgewachsen und ist bis heute seiner Heimatstadt treu geblieben. Sein musikalisches Interesse begann mit KISS, AC\/DC, Mot\u00f6rhead, Status Quo und Rose [&hellip;]<\/p>\n","protected":false},"author":1,"featured_media":0,"parent":0,"menu_order":0,"comment_status":"closed","ping_status":"closed","template":"","meta":{"ocean_post_layout":"","ocean_both_sidebars_style":"","ocean_both_sidebars_content_width":0,"ocean_both_sidebars_sidebars_width":0,"ocean_sidebar":"0","ocean_second_sidebar":"0","ocean_disable_margins":"enable","ocean_add_body_class":"","ocean_shortcode_before_top_bar":"","ocean_shortcode_after_top_bar":"","ocean_shortcode_before_header":"","ocean_shortcode_after_header":"","ocean_has_shortcode":"","ocean_shortcode_after_title":"","ocean_shortcode_before_footer_widgets":"","ocean_shortcode_after_footer_widgets":"","ocean_shortcode_before_footer_bottom":"","ocean_shortcode_after_footer_bottom":"","ocean_display_top_bar":"default","ocean_display_header":"default","ocean_header_style":"","ocean_center_header_left_menu":"0","ocean_custom_header_template":"0","ocean_custom_logo":0,"ocean_custom_retina_logo":0,"ocean_custom_logo_max_width":0,"ocean_custom_logo_tablet_max_width":0,"ocean_custom_logo_mobile_max_width":0,"ocean_custom_logo_max_height":0,"ocean_custom_logo_tablet_max_height":0,"ocean_custom_logo_mobile_max_height":0,"ocean_header_custom_menu":"0","ocean_menu_typo_font_family":"0","ocean_menu_typo_font_subset":"","ocean_menu_typo_font_size":0,"ocean_menu_typo_font_size_tablet":0,"ocean_menu_typo_font_size_mobile":0,"ocean_menu_typo_font_size_unit":"px","ocean_menu_typo_font_weight":"","ocean_menu_typo_font_weight_tablet":"","ocean_menu_typo_font_weight_mobile":"","ocean_menu_typo_transform":"","ocean_menu_typo_transform_tablet":"","ocean_menu_typo_transform_mobile":"","ocean_menu_typo_line_height":0,"ocean_menu_typo_line_height_tablet":0,"ocean_menu_typo_line_height_mobile":0,"ocean_menu_typo_line_height_unit":"","ocean_menu_typo_spacing":0,"ocean_menu_typo_spacing_tablet":0,"ocean_menu_typo_spacing_mobile":0,"ocean_menu_typo_spacing_unit":"","ocean_menu_link_color":"","ocean_menu_link_color_hover":"","ocean_menu_link_color_active":"","ocean_menu_link_background":"","ocean_menu_link_hover_background":"","ocean_menu_link_active_background":"","ocean_menu_social_links_bg":"","ocean_menu_social_hover_links_bg":"","ocean_menu_social_links_color":"","ocean_menu_social_hover_links_color":"","ocean_disable_title":"default","ocean_disable_heading":"default","ocean_post_title":"","ocean_post_subheading":"","ocean_post_title_style":"","ocean_post_title_background_color":"","ocean_post_title_background":0,"ocean_post_title_bg_image_position":"","ocean_post_title_bg_image_attachment":"","ocean_post_title_bg_image_repeat":"","ocean_post_title_bg_image_size":"","ocean_post_title_height":0,"ocean_post_title_bg_overlay":0.5,"ocean_post_title_bg_overlay_color":"","ocean_disable_breadcrumbs":"default","ocean_breadcrumbs_color":"","ocean_breadcrumbs_separator_color":"","ocean_breadcrumbs_links_color":"","ocean_breadcrumbs_links_hover_color":"","ocean_display_footer_widgets":"default","ocean_display_footer_bottom":"default","ocean_custom_footer_template":"0"},"_links":{"self":[{"href":"https:\/\/www.hennywolter.de\/index.php?rest_route=\/wp\/v2\/pages\/89"}],"collection":[{"href":"https:\/\/www.hennywolter.de\/index.php?rest_route=\/wp\/v2\/pages"}],"about":[{"href":"https:\/\/www.hennywolter.de\/index.php?rest_route=\/wp\/v2\/types\/page"}],"author":[{"embeddable":true,"href":"https:\/\/www.hennywolter.de\/index.php?rest_route=\/wp\/v2\/users\/1"}],"replies":[{"embeddable":true,"href":"https:\/\/www.hennywolter.de\/index.php?rest_route=%2Fwp%2Fv2%2Fcomments&post=89"}],"version-history":[{"count":4,"href":"https:\/\/www.hennywolter.de\/index.php?rest_route=\/wp\/v2\/pages\/89\/revisions"}],"predecessor-version":[{"id":590,"href":"https:\/\/www.hennywolter.de\/index.php?rest_route=\/wp\/v2\/pages\/89\/revisions\/590"}],"wp:attachment":[{"href":"https:\/\/www.hennywolter.de\/index.php?rest_route=%2Fwp%2Fv2%2Fmedia&parent=89"}],"curies":[{"name":"wp","href":"https:\/\/api.w.org\/{rel}","templated":true}]}}